the greatest common divisor of 1004 and 192465796.
1004
What is the highest common factor of 54441 and 2583?
9
Calculate the greatest common divisor of 3430 and 427957670.
3430
What is the highest common divisor of 78715 and 16929780?
6055
Calculate the highest common factor of 1719063103 and 17.
17
What is the highest common factor of 4 and 34150154?
2
Calculate the highest common factor of 19416001 and 54571.
451
What is the greatest common divisor of 196000 and 181440?
1120
What is the greatest common factor of 90 and 160122555?
45
Calculate the highest common divisor of 361473283 and 71.
71
What is the greatest common factor of 247644 and 22788?
108
Calculate the greatest common factor of 21466400 and 2400.
800
What is the highest common divisor of 9940876 and 216752?
1748
Calculate the highest common factor of 60153 and 32493.
3
Calculate the highest common divisor of 85032 and 7776.
72
What is the greatest common divisor of 3474 and 147339?
9
What is the highest common divisor of 9275 and 6546825?
1325
What is the highest common divisor of 737232 and 17424?
48
What is the greatest common factor of 42940 and 23085?
95
What is the greatest common factor of 385533 and 539982?
1179
Calculate the highest common divisor of 1958 and 34078634.
178
What is the greatest common divisor of 14232638 and 3332?
1666
Calculate the highest common divisor of 368 and 962112.
16
What is the greatest common divisor of 64428 and 8015504?
1652
Calculate the highest common divisor of 966276 and 7820.
92
Calculate the greatest common factor of 1593032925 and 8745.
8745
What is the highest common factor of 13008831 and 17061?
363
What is the highest common factor of 240236688 and 240?
48
Calculate the highest common divisor of 8188 and 5292652.
356
Calculate the highest common divisor of 552 and 23532841.
23
Calculate the greatest common factor of 659867 and 198211.
2509
What is the greatest common divisor of 33668 and 11761?
19
Calculate the greatest common factor of 33930 and 59835178.
754
Calculate the highest common factor of 52911 and 1152.
9
What is the highest common factor of 26163958 and 4736?
74
Calculate the highest common factor of 10386362 and 91.
7
Calculate the greatest common divisor of 112 and 738234.
14
Calculate the greatest common factor of 10493303 and 1562.
71
Calculate the greatest common factor of 2678 and 756638.
206
Calculate the greatest common divisor of 88858 and 41734.
154
What is the greatest common factor of 126 and 391168134?
126
Calculate the highest common divisor of 774 and 594138.
6
Calculate the greatest common factor of 4039298 and 5978.
122
What is the greatest common divisor of 176733 and 216?
9
What is the greatest common factor of 24952365 and 217?
31
Calculate the greatest common divisor of 1728 and 847816.
8
What is the greatest common divisor of 4138134 and 66?
66
What is the highest common divisor of 63518079 and 3?
3
Calculate the highest common divisor of 451 and 30827753.
11
Calculate the highest common divisor of 132667104 and 744.
744
Calculate the greatest common factor of 59045 and 1739779.
241
Calculate the highest common divisor of 9603 and 48011799.
3201
Calculate the greatest common factor of 5712 and 2287992.
168
What is the highest common divisor of 915192 and 300827?
4237
Calculate the greatest common factor of 15278 and 734543323.
7639
What is the highest common divisor of 604406077 and 3183?
1061
Calculate the greatest common divisor of 21015918 and 90.
18
What is the highest common divisor of 1078 and 3225082?
98
Calculate the highest common factor of 29011404 and 1912084.
13756
Calculate the highest common divisor of 14633490 and 120.
30
What is the greatest common divisor of 891308 and 16?
4
What is the highest common factor of 7464681 and 3948?
987
What is the greatest common factor of 10173 and 36204?
3
What is the highest common divisor of 1 and 4478238?
1
Calculate the highest common factor of 14669113 and 252671.
2839
What is the highest common factor of 110 and 1201180?
10
What is the highest common divisor of 56043 and 299?
13
Calculate the greatest common divisor of 730 and 35314115.
365
Calculate the greatest common factor of 18193 and 11661.
23
What is the highest common factor of 341365930 and 12510?
1390
Calculate the greatest common divisor of 8388707 and 5960071.
12391
What is the highest common divisor of 66 and 104053257?
33
Calculate the greatest common factor of 163944 and 28.
4
What is the greatest common divisor of 11 and 108660376?
11
Calculate the highest common divisor of 21236795 and 527133.
6059
Calculate the highest common factor of 2169383 and 460.
23
What is the highest common divisor of 145254 and 36610764?
3378
Calculate the highest common divisor of 7370217 and 8289.
27
What is the greatest common divisor of 63 and 42541625?
7
What is the greatest common factor of 32949 and 73395?
63
What is the greatest common factor of 1336461090 and 555?
555
Calculate the greatest common divisor of 40 and 31263320.
40
What is the highest common factor of 430416456 and 2456?
2456
Calculate the highest common divisor of 23110123 and 118.
59
Calculate the greatest common divisor of 12012 and 2757846.
546
What is the greatest common divisor of 8205636 and 5452?
188
What is the highest common factor of 294440 and 40702?
866
Calculate the greatest common divisor of 366 and 33804858.
366
What is the highest common factor of 220 and 76880?
20
What is the greatest common divisor of 25413778 and 32214?
1534
Calculate the greatest common factor of 25685 and 90295.
5
What is the greatest common divisor of 4524289887 and 39?
39
Calculate the greatest common factor of 92 and 15713738.
46
Calculate the highest common factor of 256896 and 54189.
2007
Calculate the greatest common divisor of 5441061 and 1397.
127
What is the highest common factor of 102950 and 5723875?
725
Calculate the highest common divisor of 9855 and 3717765.
135
What is the highest common divisor of 7449 and 433083141?
573
Calculate the greatest common divisor of 87757640 and 20.
20
Calculate the greatest common factor of 117214 and 178666.
1138
Calculate the greatest common divisor of 142554523 and 62.
31
What is the greatest common divisor of 40 and 56178660?
20
Calculate the greatest common divisor of 24459582 and 192.
6
Calculate the highest common factor of 31 and 499141199.
31
What is the greatest common factor of 80591 and 97643?
203
What is the highest common factor of 2106 and 1711827?
351
Calculate the greatest common divisor of 16996736 and 107.
107
What is the greatest common factor of 2692469 and 13?
13
Calculate the greatest common divisor of 95040 and 53568.
1728
What is the highest common divisor of 2088365 and 161720?
1555
What is the greatest common factor of 40 and 4106870?
10
What is the highest common divisor of 27447 and 3477?
3
Calculate the greatest common factor of 1 and 23589052.
1
Calculate the highest common divisor of 764 and 24856.
4
Calculate the highest common factor of 3406200 and 684600.
4200
What is the highest common divisor of 16005296 and 15811?
163
Calculate the greatest common factor of 182925 and 466425.
675
What is the highest common divisor of 1152 and 2347136?
128
Calculate the greatest common factor of 356468770 and 70.
70
Calculate the highest common factor of 9984 and 324168.
312
What is the greatest common factor of 43810 and 436982?
26
Calculate the highest common divisor of 3744 and 148644.
36
What is the highest common divisor of 42380700 and 600?
300
What is the greatest common divisor of 22349076 and 36?
12
What is the highest common factor of 61069712 and 1683?
187
What is the highest common divisor of 1739740 and 5920?
740
Calculate the greatest common divisor of 14 and 532469.
7
What is the highest common divisor of 11455 and 3205?
5
Calculate the greatest common divisor of 132 and 141178686.
66
What is the highest common factor of 242868 and 9583?
37
Calculate the highest common divisor of 38850945 and 294.
21
Calculate the greatest common divisor of 2005 and 1019865305.
2005
Calculate the greatest common factor of 39924175 and 2474.
1237
Calculate the highest common divisor of 3318 and 12526003.
553
Calculate the highest common factor of 4770 and 217269790.
530
Cal